Suppose s = -1, g*f - 68 = h*f + 3*s. List the prime factors of f.
13
Suppose -218*z + 6715277 = 1750545. What are the prime factors of z?
2, 59, 193
Let z(p) = 4718*p**3 - 3*p**2 + 9*p - 4. List the prime factors of z(1).
2, 5, 59
Let k be ((-2231)/(-46))/(7/6 + -1). Suppose 0 = -3*d + 4*d + 5*s - 291, k = d - s. List the prime factors of d.
3, 97
Let i(h) = 78*h**2 + 40*h - 26. List the prime factors of i(6).
2, 1511
Let y = 29 - 27. Let p be (y/(-3))/((-20)/2910). Let k = p + -45. List the prime factors of k.
2, 13
Let a(x) = 2*x**3 + 9*x**2 + 2*x - 4. Let u be a(-4). Suppose -3*h = -9, 2123 = 2*m + u*h - 9*h. List the prime factors of m.
1069
Let l = 204 - -14221. List the prime factors of l.
5, 577
Let c(f) = -f**3 + 19*f**2 - 23*f - 20. Let h = -739 - -756. What are the prime factors of c(h)?
167
Let y be 85/1*((-26)/10 + -1). Let f = 325 - y. Suppose -2*d + 13 + 229 = -c, 5*d - f = -4*c. List the prime factors of d.
3, 41
Suppose -32 - 40 = -9*g. Suppose -g*h + 5*h + 42 = 0. Suppose h*k + 180 = 19*k. List the prime factors of k.
2, 3
Suppose 3*c - 209665 = h, -3*h + 25142 - 164928 = -2*c. What are the prime factors of c?
17, 4111
Let a(w) = -w**3 - w**2 + 2*w + 277. Let k = -317 + 317. What are the prime factors of a(k)?
277
Let p = 11 + 0. Let l be (14/(-77))/((-1)/p). Let w = l - -46. What are the prime factors of w?
2, 3
Let p be (-12)/(-15) - 153/(-15). Let i = 19 - p. Suppose i*g - 459 = -g. What are the prime factors of g?
3, 17
Let i(p) = 6*p + 36. Let l be i(-6). Let d(f) = -f**2 - f. Let o be d(l). Suppose o*z + 5*x = z - 211, z - 191 = x. What are the prime factors of z?
2, 3, 31
Suppose 5*h + 4*y = 0, -3*h - y - 13 = 4*y. Let w be (-537)/11 + -1 - h/22. List the prime factors of (-645)/w*6 + 2/(-5).
7, 11
Let m = -31 + 10. Let v be (-1 + m)/(20/110). List the prime factors of v/(-2) + 10/20.
61
Let b(x) = x**3 + 42*x**2 - 66*x + 118. What are the prime factors of b(-29)?
5, 2593
Suppose -3*v - 3*x = -192773 - 2413, 65087 = v - 4*x. What are the prime factors of v?
3, 23, 41
Let o be (268/(-670))/(1/(9 - -1)). What are the prime factors of 391 + (-20)/o + -4?
2, 7
Suppose 23 - 47 = -3*d. Suppose 0 = d*g - g - 1505. List the prime factors of g.
5, 43
Let v = 2 - -6. Let j(h) = h**2 - 8*h + 2. Let n be j(v). Suppose n - 4 = -c. What are the prime factors of c?
2
Let n = -63559 + 97860. List the prime factors of n.
34301
Let u(k) = 1083*k + 1633. List the prime factors of u(12).
14629
Let n(l) = -3*l**3 - 16*l**2 - 5*l - 451. List the prime factors of n(-16).
3, 11, 79
Let a(g) = -2574*g - 1474. List the prime factors of a(-3).
2, 11, 71
Suppose -19*u = 2*g - 21*u - 73142, -5*u = 40. List the prime factors of g.
36563
Let v be -1 + 2 + (-21)/(21/1676). List the prime factors of (44/(-2))/(25/v).
2, 11, 67
Let z(g) = -3*g**3 - 69*g**2 + 10*g + 10. Let a(b) = -b**3 - 34*b**2 + 4*b + 5. Let m(i) = -5*a(i) + 2*z(i). What are the prime factors of m(31)?
2, 239
Suppose 10*r + 75 = 5. Let v(q) = -65*q + 111. What are the prime factors of v(r)?
2, 283
Let g(b) be the second derivative of 2*b**3/3 + 235*b**2/2 - 108*b. What are the prime factors of g(13)?
7, 41
Suppose 0 = 25*x - 30*x - 4*a + 366597, -219942 = -3*x + 3*a. What are the prime factors of x?
3, 24439
Let u(c) = c**3 + 23*c**2 - 27*c - 67. Let y be u(-24). Suppose -28*h + 23*h + a + 2815 = 0, 2*a = y*h - 2815. What are the prime factors of h?
563
Let v = 14558 + -7870. What are the prime factors of v?
2, 11, 19
Suppose 56*j + 6348 = g + 52*j, -5*j - 35 = 0. What are the prime factors of g?
2, 5, 79
Suppose -126 = -4*b + 11*b. Let u(h) = -h**3 - 16*h**2 + 16*h - 9. What are the prime factors of u(b)?
3, 13
Let h(m) = 118*m**2 - 50*m - 16. List the prime factors of h(-4).
2, 7, 37
Suppose -2*a + 2176 = 332. Suppose 447 = y - a. What are the prime factors of y?
37
Suppose -5*q + 4*q + 3 = 0. Let k be q*(1 + 5)*19. Suppose 5*x - 2*y - k = 0, 2*y + 202 = 3*x - 0*x. List the prime factors of x.
2, 5, 7
Suppose -6206 = -19*d + 118270 + 5617. List the prime factors of d.
41, 167
What are the prime factors of (1420/(-40))/(-4 + (-1079)/(-270))?
3, 5, 71
Let u be 9/(-4) - 190/(-152). What are the prime factors of ((-2742)/(-12)*-2)/(u + 0)?
457
Let z = 29115 - 11222. What are the prime factors of z?
29, 617
Let x = 2 + 8. Suppose -x*q + 11 + 49 = 0. What are the prime factors of q/2*(-59)/(-3)?
59
Let w be (5 - 1)*(3915/10 - 4). Let x = w - 979. What are the prime factors of x?
571
Let m(c) = c - 12. Let x be m(15). Let w(h) = -42*h + 7 - 2 + 0 + x*h. What are the prime factors of w(-2)?
83
Let g(i) = -i**2 + 6*i + 9. Let k be g(7). Suppose 2*j + 8 = -k*j, 5*p = -5*j + 1340. What are the prime factors of p?
2, 3, 5
Let l(c) = c**3 + 49*c**2 - 127*c + 145. What are the prime factors of l(-45)?
2, 5, 349
Let j(y) be the first derivative of y**5/30 - y**4/4 - y**3/2 - 7*y**2 - 12. Let n(w) be the second derivative of j(w). What are the prime factors of n(-4)?
53
Let n be (-2)/6 - 1760/(-132). Let m(q) = 5*q - 62. List the prime factors of m(n).
3
What are the prime factors of (-23434*17/17)/(-2)?
11717
Let i = -503 - -4069. List the prime factors of i.
2, 1783
Suppose -2*v - 2*w + 64 = 2*w, -4*v + w + 155 = 0. Suppose -32*c - 24 = -v*c. Suppose 2*d + 3*f - 35 = 214, -c*f + 374 = 3*d. List the prime factors of d.
2, 3, 7
Let z(y) = -25*y**2 + 4*y + 74. Let b(d) = 100*d**2 - 12*d - 297. Let u(h) = -2*b(h) - 9*z(h). What are the prime factors of u(-7)?
1237
Let o be 7 - 5*(-5)/(-5). Suppose o*l + 0*l + 5*f - 485 = 0, -3*l = f - 708. Let t = l - 67. What are the prime factors of t?
2, 3, 7
What are the prime factors of ((231/(-35))/11)/1 + 61796/10?
37, 167
Suppose -38 = -5*v + 4*q, 4 = v - 0*v + q. What are the prime factors of v/9*((-11142)/(-12))/1?
619
Suppose -340 = 4*y - 4*z, -3*y - 3*z = -0*z + 285. Let m = y - 31. Let o = m + 245. What are the prime factors of o?
2, 31
Suppose -n - 24621 = -5*d, -145*d = -142*d + n - 14779. List the prime factors of d.
5, 197
Suppose 2*q - 72324 = f, 2*q = 75*f - 72*f + 72340. What are the prime factors of q?
2, 101, 179
Suppose -4*v + 7*q - 10*q = -41, 0 = -3*v + q + 47. Suppose v*x - 176 = 6*x. List the prime factors of x.
2, 11
Suppose -3*w = -2*k + 5*k - 29190, w - k - 9732 = 0. What are the prime factors of w?
37, 263
Let a(n) = -4*n + 8. Let o be (-1 + 21/9)*-3*1. Let k be a(o). Suppose 0 = 4*l + k - 488. List the prime factors of l.
2, 29
Suppose 0 = -278*u + 275*u + 306. What are the prime factors of (u/(-4) - 0)*(-560)/105?
2, 17
Let z = 17773 + -8947. List the prime factors of z.
2, 3, 1471
Let f = -35 + -66. Let h(b) = -b**2 + 6*b + 37. Let i be h(19). Let g = f - i. What are the prime factors of g?
109
Suppose 5*v = -2*g + 1933, 4*v + 165 = g - 808. Let z = g - -180. List the prime factors of z.
3, 383
Let t be 1 - -1 - (-12 - -2). Suppose t*y = 9*y + 1230. List the prime factors of y.
2, 5, 41
Suppose -j + 166 + 65 = -3*z, -3*z = 5*j - 1155. Suppose j + 579 = 3*b. What are the prime factors of b?
2, 3, 5
Suppose -b + o = -5703, -49*o + 44*o + 17141 = 3*b. List the prime factors of b.
13, 439
Let v = 7566 + -3845. List the prime factors of v.
61
List the prime factors of 130/(-1885) - 4171664/(-203).
2, 3, 5, 137
What are the prime factors of (10 - 8)/14 + (-257080)/(-14) + -2?
7, 43, 61
Let j be (23 - -2)*704/40. Let m = -261 + j. List the prime factors of m.
179
Suppose 4*i - 27880 = -2*l, 33*l - 36*l = -5*i + 34872. What are the prime factors of i?
2, 3, 7, 83
Suppose q + 38 = 4*d, 5*d + q - 51 = 4*q. Let y(j) = -2*j + 2. Let v(a) = a**2 - 10*a - 13. Let n(l) = -v(l) - 5*y(l). What are the prime factors of n(d)?
2, 3, 17
Let k(g) be the third derivative of g**6/120 + 11*g**5/60 + 7*g**4/12 - 11*g**3/6 - g**2 - 15. What are the prime factors of k(5)?
3, 17
Let c = 20 + -32. Let u be (-2)/8 + (-7491)/c + -3. Suppose -9*r = -6*r - u. What are the prime factors of r?
3, 23
Let d(g) = 226*g**3 + g**2 - g + 1. Let l = -55 - -56. Let i be d(l). Let m = -108 + i. List the prime factors of m.
7, 17
Suppose -13*o + 150172 + 15474 = 10*o. What are the prime factors of o?
2, 13, 277
Let s be 443 - -6 - (2 - 2 - 3). List the prime factors of 0 + (-9)/(6 + -3) + s.
449
Suppose -28918*r - 626094 = -28927*r. List the prime factors of r.
2, 7, 4969
